{"id":2,"date":"2015-03-04T18:54:56","date_gmt":"2015-03-04T18:54:56","guid":{"rendered":"http:\/\/springolle.se\/?page_id=2"},"modified":"2025-02-26T15:15:32","modified_gmt":"2025-02-26T15:15:32","slug":"about","status":"publish","type":"page","link":"https:\/\/springolle.se\/?page_id=2","title":{"rendered":"Bohman familytree"},"content":{"rendered":"<p>Klicka p\u00e5 l\u00e4nken.<\/p>\n<p><a href=\"https:\/\/springolle.se\/wp-content\/uploads\/2025\/02\/persons-1.html\" target=\"_blank\" rel=\"noopener\">Bohman ( Olles farfar, granddad side)<\/a><\/p>\n<p>F\u00f6r att se alla idag mer \u00e4n 1000 namn:Klicka p\u00e5 personer<br \/>Leta upp ditt namn och klicka p\u00e5 bla.<br \/>Du har nu dina n\u00e4rmaste att f\u00f6lja<br \/>Se meny f\u00f6r val<\/p>\n<p>To have your own name to follow go to Meny and find person.<\/p>\n\n\n<p><\/p>\n","protected":false},"excerpt":{"rendered":"<p>Klicka p\u00e5 l\u00e4nken. Bohman ( Olles farfar, granddad side) F\u00f6r att se alla idag mer \u00e4n 1000 namn:Klicka p\u00e5 personerLeta upp ditt namn och klicka p\u00e5 bla.Du har nu dina n\u00e4rmaste att f\u00f6ljaSe meny f\u00f6r val To have your own name to follow go to Meny and find person.<\/p>\n","protected":false},"author":1,"featured_media":0,"parent":0,"menu_order":0,"comment_status":"closed","ping_status":"open","template":"","meta":{"footnotes":""},"class_list":["post-2","page","type-page","status-publish","hentry"],"_links":{"self":[{"href":"https:\/\/springolle.se\/index.php?rest_route=\/wp\/v2\/pages\/2","targetHints":{"allow":["GET"]}}],"collection":[{"href":"https:\/\/springolle.se\/index.php?rest_route=\/wp\/v2\/pages"}],"about":[{"href":"https:\/\/springolle.se\/index.php?rest_route=\/wp\/v2\/types\/page"}],"author":[{"embeddable":true,"href":"https:\/\/springolle.se\/index.php?rest_route=\/wp\/v2\/users\/1"}],"replies":[{"embeddable":true,"href":"https:\/\/springolle.se\/index.php?rest_route=%2Fwp%2Fv2%2Fcomments&post=2"}],"version-history":[{"count":16,"href":"https:\/\/springolle.se\/index.php?rest_route=\/wp\/v2\/pages\/2\/revisions"}],"predecessor-version":[{"id":2328,"href":"https:\/\/springolle.se\/index.php?rest_route=\/wp\/v2\/pages\/2\/revisions\/2328"}],"wp:attachment":[{"href":"https:\/\/springolle.se\/index.php?rest_route=%2Fwp%2Fv2%2Fmedia&parent=2"}],"curies":[{"name":"wp","href":"https:\/\/api.w.org\/{rel}","templated":true}]}}